at is -f9e (base 16) in base 9?
-5432
What is 121113 (base 4) in base 10?
1623
-1000100110 (base 2) to base 7
-1414
Convert -15842 (base 10) to base 11.
-109a2
Convert -2142 (base 12) to base 10.
-3650
Convert -400442 (base 5) to base 15.
-3b17
Convert 742c (base 16) to base 15.
8c2a
1025 (base 11) to base 7
3650
Convert -220113 (base 4) to base 15.
-b73
What is 3760 (base 16) in base 11?
a718
Convert -10100001100 (base 2) to base 6.
-5552
What is 1011010101 (base 2) in base 8?
1325
Convert -3202 (base 5) to base 14.
-227
What is -631 (base 8) in base 12?
-2a1
What is -54211 (base 8) in base 4?
-11202021
What is 723 (base 9) in base 2?
1001001100
What is 572 (base 8) in base 2?
101111010
What is -30011 (base 4) in base 14?
-3d3
What is -1100111011 (base 2) in base 3?
-1010122
Convert -3 (base 10) to base 11.
-3
What is -11624 (base 8) in base 14?
-1b80
What is 2 (base 8) in base 10?
2
1322102 (base 5) to base 15
7cd7
321423 (base 5) to base 9
15810
Convert -436 (base 11) to base 16.
-20b
Convert -24b (base 13) to base 15.
-1bb
-130032 (base 4) to base 9
-2426
What is -11010001 (base 2) in base 14?
-10d
-11110101111100 (base 2) to base 11
-1090a
Convert -6a82 (base 13) to base 12.
-8802
Convert -53 (base 12) to base 13.
-4b
-a1d (base 15) to base 5
-33103
Convert -130103 (base 4) to base 3.
-2111002
What is -44534 (base 10) in base 3?
-2021002102
24643 (base 7) to base 5
201444
357 (base 9) to base 16
127
What is -11000001 (base 2) in base 3?
-21011
What is 21254 (base 9) in base 16?
36ee
15db (base 16) to base 11
4227
Convert 2013 (base 5) to base 4.
10002
-111011100000 (base 2) to base 9
-5201
What is -16530 (base 7) in base 13?
-21c6
What is 14365 (base 7) in base 9?
5387
What is -692 (base 11) in base 13?
-4b8
Convert 2256 (base 7) to base 11.
690
Convert 20111220 (base 3) to base 6.
33553
What is 4c2 (base 14) in base 13?
585
What is -3112 (base 6) in base 15?
-312
1e8 (base 16) to base 5
3423
What is 2c6 (base 15) in base 8?
1174
Convert 110011110110 (base 2) to base 8.
6366
What is 35445 (base 6) in base 13?
2456
Convert -18b46 (base 12) to base 16.
-8d66
What is 32123 (base 4) in base 14?
49d
11001111101000 (base 2) to base 9
20204
Convert 2444 (base 15) to base 2.
1111000100010
-2234 (base 10) to base 14
-b58
Convert 1561 (base 7) to base 14.
331
What is -55a (base 12) in base 6?
-3354
Convert 1b06 (base 14) to base 2.
1001100101010
Convert -132322 (base 4) to base 9.
-2637
What is -122120 (base 6) in base 10?
-10848
Convert -101100 (base 3) to base 8.
-427
-318 (base 12) to base 14
-244
What is -29 (base 12) in base 8?
-41
Convert 2002220020 (base 3) to base 13.
15b58
Convert 2268 (base 9) to base 2.
11010010010
Convert 41a (base 12) to base 15.
29d
2480 (base 9) to base 10
1854
What is 2124 (base 9) in base 15?
6e1
Convert -73710 (base 8) to base 2.
-111011111001000
Convert 2101 (base 6) to base 16.
1d5
Convert -7f78 (base 16) to base 7.
-164065
111101210 (base 3) to base 16
2628
Convert -100100110 (base 2) to base 10.
-294
What is 6215 (base 11) in base 12?
4930
What is -2995 (base 10) in base 8?
-5663
-201c (base 14) to base 5
-134024
Convert 34763 (base 8) to base 6.
152403
Convert 667 (base 11) to base 16.
31f
Convert -2cd (base 14) to base 3.
-210020
What is 11a66 (base 16) in base 3?
10200011120
What is 99e (base 16) in base 7?
10115
What is 1141 (base 8) in base 14?
317
What is -42440 (base 5) in base 13?
-13ca
What is 10656 (base 9) in base 7?
26460
-1708 (base 12) to base 6
-20412
What is -101 (base 14) in base 5?
-1242
What is -472 (base 9) in base 10?
-389
What is -134c (base 13) in base 5?
-42033
Convert 12c2 (base 16) to base 13.
2255
Convert -7384 (base 9) to base 8.
-12456
What is -110103 (base 4) in base 10?
-1299
What is 3201 (base 12) in base 13?
2650
What is -201101212 (base 3) in base 16?
-3740
Convert 175b9 (base 13) to base 8.
127611
Convert -463 (base 10) to base 13.
-298
1745 (base 14) to base 9
5651
-11011000001 (base 2) to base 10
-1729
-2406 (base 13) to base 3
-20222000
What is -3094 (base 11) in base 4?
-1000000
Convert 5127 (base 16) to base 8.
50447
Convert -526 (base 13) to base 4.
-31231
What is -101100101101100 (base 2) in base 15?
-6bb2
134263 (base 7) to base 6
314101
-22731 (base 11) to base 10
-32825
3000023 (base 4) to base 16
300b
-335625 (base 7) to base 12
-2a630
3556 (base 9) to base 6
20123
544 (base 6) to base 8
320
Convert 5a93 (base 11) to base 6.
100515
Convert -304162 (base 7) to base 13.
-1a803
10211001 (base 3) to base 8
5336
Convert -3bc (base 13) to base 16.
-296
What is 10011000110010001 (base 2) in base 13?
297b4
Convert 1220014 (base 5) to base 16.
5a5e
What is -3312 (base 15) in base 12?
-6315
Convert 120412 (base 5) to base 8.
10602
What is -461 (base 9) in base 4?
-11323
Convert -800 (base 13) to base 11.
-101a
What is 201112 (base 3) in base 12?
37b
16d60 (base 14) to base 10
57512
What is 714 (base 9) in base 8?
1104
Convert -2fa2 (base 16) to base 2.
-10111110100010
What is -10324 (base 5) in base 2?
-1011001010
What is 3d9d (base 15) in base 7?
53323
Convert -1222210 (base 4) to base 7.
-25612
Convert -7152 (base 10) to base 5.
-212102
What is 1010102 (base 5) in base 13?
7541
What is 20011 (base 6) in base 12?
1607
Convert -110022 (base 3) to base 11.
-282
Convert -10044 (base 8) to base 16.
-1024
Convert 857 (base 16) to base 4.
201113
Convert 31331 (base 5) to base 15.
946
Convert -2200021 (base 3) to base 14.
-9d5
What is -101101111110100 (base 2) in base 6?
-300552
-2889 (base 12) to base 4
-1021221
What is -143b6 (base 13) in base 8?
-112165
What is 8de (base 15) in base 4?
133121
1231 (base 14) to base 11
2430
-11101010100 (base 2) to base 10
-1876
-10e1 (base 16) to base 13
-1c75
What is -7602 (base 8) in base 11?
-2a8a
331203 (base 4) to base 13
1a40
-4c2 (base 15) to base 9
-1432
315 (base 13) to base 8
1015
Convert 5d (base 16) to base 11.
85
Convert -244c2 (base 13) to base 15.
-14b99
Convert 7158 (base 9) to base 5.
131422
-153360 (base 8) to base 15
-11484
-13130 (base 4) to base 5
-3401
What is 1211300 (base 4) in base 6?
50052
Convert -16021 (base 7) to base 5.
-120344
Convert 4029 (base 13) to base 2.
10001001110111
Convert -11110001110011 (base 2) to base 9.
-23204
What is 10034 (base 5) in base 11?
536
3200 (base 5) to base 16
1a9
Convert -7259 (base 16) to base 11.
-1aaa2
Convert -2110022012 (base 3) to base 15.
-e4c5
What is 21330 (base 5) in base 16?
5b9
-4da (base 16) to base 6
-5430
Convert 242 (base 13) to base 3.
112112
Convert -1273 (base 8) to base 11.
-586
What is -12660 (base 7) in base 3?
-11200210
Convert -bce (base 15) to base 2.
-101001101101
-39d7 (base 14) to base 13
-4836
What is -8827 (base 10) in base 16?
-227b
Convert -1618 (base 12) to base 9.
-3522
What is 75706 (base 9) in base 14?
143bb
Convert 1ba (base 12) to base 15.
141
Convert -506 (base 13) to base 4.
-31103
-4b1 (base 13) to base 9
-1111
41234 (base 5) to base 9
3623
-100100111 (base 2) to base 16
-127
Convert 116 (base 10) to base 4.
1310
What is -103224 (base 6) in base 4?
-2011000
Convert -848 (base 12) to base 11.
-9a9
-11242 (base 5) to base 3
-1010110
-ca90 (base 13) to base 3
-1102122101
Convert -152053 (base 7) to base 9.
-44457
Convert 2a (base 16) to base 9.
46
What is 22332 (base 9) in base 15?
4602
What is 406 (base 9) in base 6?
1310
Convert -1011 (base 6) to base 4.
-3133
What is 433 (base 15) in base 5?
12243
Convert 111010101001010 (base 2) to base 6.
351002
What is 1144303 (base 5) in base 7?
120432
What is 1111101000000110 (base 2) in base 14?
1947c
12158 (base 13) to base 16
81ad
Convert 49c5 (base 16) to base 13.
8799
What is -1c54 (base 14) in base 3?
-21002111
-141143 (base 5) to base 16
-16a6
30c8 (base 16) to base 8
30310
What is -1310030 (base 4) in base 6?
-54232
What is 1b47 (base 12) in base 5?
101432
What is 52 (base 14) in base 8?
110
Convert 1043434 (base 5) to base 9.
27477
-209 (base 13) to base 8
-533
What is -1dd (base 15) in base 16?
-1b1
What is -892 (base 11) in base 12?
-751
Convert 2209 (base 12) to base 11.
2902
Convert -431 (base 13) to base 10.
-716
What is -10110 (base 5) in base 13?
-3b5
Convert 884 (base 11) to base 15.
4aa
10411 (base 8) to base 2
1000100001001
-1a70 (base 11) to base 10
-2618
-392 (base 13) to base 10
-